 prime factors of o.
587
Let x = -16 + 10. Let l be (-4)/(-6)*(-63)/x. Suppose 0 = -5*w + l*w - 18. List the prime factors of w.
3
Suppose -x = 2*k - 11, 5*k - 9*k + 4*x = -52. Suppose -k = 2*h, -h = 4*v - 0*v - 776. List the prime factors of v.
3, 5, 13
Let l(q) = -q**3 - 5*q**2 - 3*q + 11. Let k be (10 + 2)/(21/(-14)) - -2. List the prime factors of l(k).
5, 13
Let r(d) = 3*d**3 - d**2 - 2*d + 415. What are the prime factors of r(0)?
5, 83
Suppose -745 + 105 = -5*c. Suppose c = 4*t - 0*t. List the prime factors of t.
2
Suppose -14*g + 6784 = -342. List the prime factors of g.
509
Suppose 0 = 16*n - 20*n + 28. Let r = 10 - n. Suppose z - 13 = 3*c, -z + r*c + 14 = -c. What are the prime factors of z?
2, 5
Suppose -20*r + 3974 = -24726. List the prime factors of r.
5, 7, 41
Let h(s) = -5*s + 4. Let i(l) = -l - 1. Let u be i(-4). Suppose -4*c + 3*o + 7 = -5*c, 3*o + u = 0. List the prime factors of h(c).
2, 3
Let j = 28 - 25. Suppose 5*h - 41 = -2*o, -4*h + o + 34 = j*o. List the prime factors of h.
7
Suppose 6742 = 17*u - 4563. List the prime factors of u.
5, 7, 19
Suppose -5*d = -2*d + 18. Let x(i) = -3*i - i**3 + 0*i - 1 - 5 - 6*i**2 - 3. List the prime factors of x(d).
3
Suppose -2*s - 6*c + 5*c = -1119, -2229 = -4*s + c. What are the prime factors of s?
2, 3, 31
Let v(h) = 2*h**2 - 17*h - 69. List the prime factors of v(-18).
3, 5, 59
Let a be (-6)/9 - (-3 - 40/(-12)). What are the prime factors of 91*(a/1 + 2/1)?
7, 13
List the prime factors of 4*73*17*4/34.
2, 73
Suppose p - 698 + 212 = 0. What are the prime factors of p?
2, 3
Let r = -6 - -10. Suppose d - r*d - 54 = 0. Let m = -10 - d. What are the prime factors of m?
2
Suppose 3*x + 4 - 46 = 0. Let d = x - 16. List the prime factors of 29/2 + 1/d.
2, 7
Let a(l) = 5*l**3 - 2*l**2 + 4*l - 5. Let v(g) = g**3 + 3*g**2 + 6*g + 4. Let u be v(-3). Let j = 16 + u. What are the prime factors of a(j)?
5, 7
Suppose -4*a + 16 + 8 = 0. Let i be a*1*(-2)/(-3). Suppose v - 49 = i*p, 0 = -v - 2*p - 8 + 33. List the prime factors of v.
3, 11
Suppose 0 = -2*m - 3*m - 145. Let a = m + 25. What are the prime factors of a - ((-2 - 5) + 0)?
3
Suppose -2*r + 7 = -29. Let o(g) = -g**3 + 20*g**2 - 23*g - 25. What are the prime factors of o(r)?
11, 19
Suppose 0 = d + 3*d - 816. Let f be 2/6*(d + -3). Let v = f - 39. What are the prime factors of v?
2, 7
Let g be (8/(-12))/(4/(-18)). Suppose g*b - 448 = -b. Suppose 5*u - b = -2*i, 4*i + 2 + 14 = 0. What are the prime factors of u?
2, 3
Suppose 0 = -3*j - 0*j - 3*z + 81, z + 39 = 2*j. List the prime factors of j.
2, 11
Let d(u) be the third derivative of -u**5/60 - u**4/8 + u**3/6 - u**2. Let q be d(-2). List the prime factors of q/(-1 + -2)*-11.
11
Let y(o) = -o**3 + 8*o**2 + 16*o + 3. List the prime factors of y(9).
2, 3, 11
Let m be (-1)/(2 - (3 - 0)). Let k be (2/(-4))/((-6)/(-12)). What are the prime factors of k + 20 + -4 + m?
2
Let s = 328 + -176. List the prime factors of s.
2, 19
Suppose 4*d + 1001 = 2905. Suppose -2*y - 2*y + d = 0. List the prime factors of y.
7, 17
Let b = 86 - 14. Let w be ((-1)/2)/((-12)/b). Suppose -11 + 86 = w*i. What are the prime factors of i?
5
Let m(n) = n**3 + n + 82. Let k be m(0). Suppose u - k = -0*u. Suppose -3*c + 8 = -3*q - 31, u = 4*c + 2*q. What are the prime factors of c?
2, 3
Suppose -6987 = -18*o + o. Suppose -61 + o = 7*m. List the prime factors of m.
2, 5
Let o be (-11 - 1)/3 + 132. Let a = o - -72. List the prime factors of a.
2, 5
Suppose 3*f = 2*x - 31, -3*f - 23 = -0*f - 4*x. List the prime factors of 5*5*(f - -14).
5
Suppose 6*t - 69 = -3. What are the prime factors of t - (-6 - (-4 + 1))?
2, 7
Suppose 4*m - 11220 = 2*h, -2*h + 9962 - 1554 = 3*m. List the prime factors of m.
2, 701
Suppose y = -5*y + 72. Suppose -y*p = -7*p - 50. List the prime factors of p.
2, 5
Suppose 0 = 4*s - 21*s + 26299. What are the prime factors of s/17 - (-2 + 1)?
2, 23
List the prime factors of (-3)/(-7) - 4347/(-147).
2, 3, 5
Let d(v) = -v + 7. Let x be d(6). Let j = 4 - x. Suppose -j*g = -9, 3*g - 55 = -2*z + 8*g. List the prime factors of z.
5, 7
Let c(s) be the first derivative of 7*s**3 - 11*s**2/2 + 26*s - 1. Let v(z) = -4*z**2 + 2*z - 5. Let p(t) = -2*c(t) - 11*v(t). List the prime factors of p(-4).
5, 7
Let g(j) be the first derivative of 17*j**2/2 - 6*j + 1. Let l(z) = -3*z + 30. Let n be l(9). What are the prime factors of g(n)?
3, 5
Suppose 0 = -2*w - n - 2*n + 22, -w = -4*n. What are the prime factors of (1760/(-15))/w*3/(-2)?
2, 11
Let i(m) = 165*m**2 - 395*m - 1. What are the prime factors of i(6)?
43, 83
Let u be (-3)/7 - (-135)/21. List the prime factors of u*-71*3/(-6).
3, 71
Suppose 35 = -3*o + 2*l, -2*o - 3*o - 60 = -5*l. Suppose 4*f + 5*j = 185, -f - 2*j + 1 = -49. Let n = o + f. List the prime factors of n.
29
Let t = -1823 + 3237. List the prime factors of t.
2, 7, 101
Let j = -194 - -463. What are the prime factors of j?
269
Let o be -4*15/(-20) + 1. Suppose o*j + 3*v = 154, -3*j + 204 = 2*j - 2*v. List the prime factors of j.
2, 5
Let m(v) be the first derivative of 2*v**3/3 + 5*v**2 + 5*v + 12. What are the prime factors of m(-7)?
3, 11
Let w(m) = -36*m + 25. Let x be w(-3). Let v = x - -38. What are the prime factors of v?
3, 19
Let h = -12 + 14. Suppose -5*l + 30 = -h*l. List the prime factors of l.
2, 5
Suppose -9*i = 27*i - 31608. What are the prime factors of i?
2, 439
Let h(g) = g**3 - 2*g**2 - g - 3. What are the prime factors of h(5)?
67
Let l = -10 + 9. Let b(z) = -56*z**3 - 3*z - 2. What are the prime factors of b(l)?
3, 19
List the prime factors of (1/(-2) + -1)*-706.
3, 353
Let g = 92 - -205. List the prime factors of g.
3, 11
Suppose -243 = -5*b - 4*b. Let d = 31 + b. What are the prime factors of d?
2, 29
Let m(c) = -5*c - 4. Let v be m(-2). Suppose 292 = -2*d + v*d. List the prime factors of d.
73
Suppose -2 = -z - 0, -2*x - 2*z + 12 = 0. Let a(c) = 42*c + 16. What are the prime factors of a(x)?
2, 23
Let g = -2240 + 4279. List the prime factors of g.
2039
Let c be 2348/52 + 2/(-13). Suppose 0 = -8*w + 3*w - c. Let h(p) = -p**3 - 9*p**2 - 3*p - 12. List the prime factors of h(w).
3, 5
What are the prime factors of 2/(-3) + ((-670670)/30)/(-13)?
3, 191
Let r(u) = u - 8. Let k be r(9). List the prime factors of k/3 - 880/(-15).
59
Let u(c) = 24*c - 4. Let x be u(7). Let f = x + -76. Suppose 4*o - 116 = -4*p, -o = -3*p - 5*o + f. List the prime factors of p.
2, 7
List the prime factors of -20*(1561/(-14))/1.
2, 5, 223
Suppose 0 = 103*m - 105*m + 2778. What are the prime factors of m?
3, 463
Let r = -26 - 11. Let o = r + 84. List the prime factors of o.
47
Let g(w) = 12*w**2 - 1. Let p be g(1). Let c(h) = -4 + p*h - 4 + 2. List the prime factors of c(7).
71
Let k be 30/(-4)*1*784/(-245). Let v(x) = -3*x**3 + 3*x - 1. Let z be v(2). Let q = k - z. List the prime factors of q.
43
Let b(q) = -10*q + 5 - q + 8 + 0. List the prime factors of b(-4).
3, 19
What are the prime factors of 4/(-14) - 671000/(-175)?
2, 3, 71
Suppose -175666 - 27550 = -104*n. List the prime factors of n.
2, 977
Let x = 136 + -31. What are the prime factors of x?
3, 5, 7
Suppose -322 = l - 1032. List the prime factors of l.
2, 5, 71
Let g(k) be the third derivative of -k**5/20 + k**4/6 - k**3/3 + k**2. Let m be g(2). Let x = m - -10. What are the prime factors of x?
2
List the prime factors of (16 + -14)*510/3.
2, 5, 17
Suppose -13*o = -9064 - 452. What are the prime factors of o?
2, 3, 61
Let j(k) = 9*k**3 - 53*k**2 + 48*k - 60. Let m(d) = 4*d**3 - 26*d**2 + 24*d - 30. Let x(t) = -3*j(t) + 7*m(t). List the prime factors of x(22).
2, 7
List the prime factors of (-160)/(-24)*9774/15.
2, 3, 181
Suppose 13*f = 11*f + 532. What are the prime factors of f?
2, 7, 19
Let o = 3766 + -1255. What are the prime factors of o?
3, 31
Let i be (-1)/((-18)/27 - (-346)/510). Let q = i - -154. What are the prime factors of q?
3, 23
Let t(b) = 9*b**2 + 23*b + 196. What are the prime factors of t(-13)?
2, 709
Suppose -5 = -3*p - 5*n + 35, 0 = 3*p - 2*n - 47. Let b be (18/p)/((-4)/(-50)). Let k = 37 - b. What are the prime factors of k?
2, 11
Suppose 3*j + 3 = -3*g, -5*g + 5*j = -3 + 28. Let p(v) = -5*v**2 - 5*v - 4. Let a be p(g). Let n = 57 + a. List the prime factors of n.
23
Let q(z) = -7*z - 3. Let i(y) = -y**2 + 2*y + 6. Let k be i(4). L